6761?
3, 37, 151
What are the prime factors of 5881?
5881
List the prime factors of 3977.
41, 97
What are the prime factors of 144?
2, 3
What are the prime factors of 3254?
2, 1627
List the prime factors of 868.
2, 7, 31
What are the prime factors of 458?
2, 229
What are the prime factors of 3177?
3, 353
List the prime factors of 3363.
3, 19, 59
List the prime factors of 1087.
1087
What are the prime factors of 60?
2, 3, 5
What are the prime factors of 3378?
2, 3, 563
What are the prime factors of 88109?
7, 41, 307
List the prime factors of 1211.
7, 173
List the prime factors of 24589.
67, 367
What are the prime factors of 20037?
3, 6679
List the prime factors of 41278.
2, 20639
What are the prime factors of 60528?
2, 3, 13, 97
What are the prime factors of 5915?
5, 7, 13
What are the prime factors of 3111?
3, 17, 61
What are the prime factors of 37296?
2, 3, 7, 37
What are the prime factors of 2046?
2, 3, 11, 31
List the prime factors of 28196.
2, 7, 19, 53
What are the prime factors of 6153?
3, 7, 293
What are the prime factors of 102043?
102043
What are the prime factors of 9212?
2, 7, 47
List the prime factors of 281.
281
List the prime factors of 8946.
2, 3, 7, 71
List the prime factors of 2165.
5, 433
List the prime factors of 13356.
2, 3, 7, 53
What are the prime factors of 14967?
3, 1663
List the prime factors of 101443.
61, 1663
List the prime factors of 1370.
2, 5, 137
What are the prime factors of 1564?
2, 17, 23
What are the prime factors of 22476?
2, 3, 1873
List the prime factors of 2322.
2, 3, 43
What are the prime factors of 603?
3, 67
What are the prime factors of 24698?
2, 53, 233
List the prime factors of 5966.
2, 19, 157
List the prime factors of 5739.
3, 1913
What are the prime factors of 4311?
3, 479
What are the prime factors of 16721?
23, 727
List the prime factors of 603.
3, 67
List the prime factors of 2989.
7, 61
What are the prime factors of 4122?
2, 3, 229
List the prime factors of 150583.
150583
List the prime factors of 78535.
5, 113, 139
List the prime factors of 1202.
2, 601
What are the prime factors of 27467?
11, 227
List the prime factors of 1011.
3, 337
What are the prime factors of 16809?
3, 13, 431
What are the prime factors of 30149?
7, 59, 73
List the prime factors of 339.
3, 113
What are the prime factors of 22024?
2, 2753
What are the prime factors of 18632?
2, 17, 137
What are the prime factors of 196?
2, 7
List the prime factors of 1337.
7, 191
What are the prime factors of 16029?
3, 13, 137
What are the prime factors of 90247?
90247
What are the prime factors of 2738?
2, 37
List the prime factors of 1927.
41, 47
What are the prime factors of 9679?
9679
What are the prime factors of 21303?
3, 263
List the prime factors of 503.
503
What are the prime factors of 4477?
11, 37
List the prime factors of 7641.
3, 283
What are the prime factors of 1191?
3, 397
List the prime factors of 70664.
2, 11, 73
What are the prime factors of 44518?
2, 22259
What are the prime factors of 3536?
2, 13, 17
List the prime factors of 2397.
3, 17, 47
What are the prime factors of 1314?
2, 3, 73
List the prime factors of 45841.
45841
List the prime factors of 74.
2, 37
What are the prime factors of 6253?
13, 37
List the prime factors of 6875.
5, 11
What are the prime factors of 50543?
50543
What are the prime factors of 2282?
2, 7, 163
List the prime factors of 1619.
1619
What are the prime factors of 3622?
2, 1811
List the prime factors of 3237.
3, 13, 83
List the prime factors of 45930.
2, 3, 5, 1531
What are the prime factors of 27234?
2, 3, 17, 89
List the prime factors of 12008.
2, 19, 79
What are the prime factors of 2652?
2, 3, 13, 17
List the prime factors of 5713.
29, 197
What are the prime factors of 413?
7, 59
What are the prime factors of 2318?
2, 19, 61
What are the prime factors of 273?
3, 7, 13
List the prime factors of 149399.
149399
What are the prime factors of 27343?
37, 739
List the prime factors of 4758.
2, 3, 13, 61
What are the prime factors of 7241?
13, 557
List the prime factors of 2152.
2, 269
List the prime factors of 3654.
2, 3, 7, 29
What are the prime factors of 1282?
2, 641
What are the prime factors of 112761?
3, 11, 17, 67
What are the prime factors of 12246?
2, 3, 13, 157
What are the prime factors of 39597?
3, 67, 197
What are the prime factors of 51?
3, 17
List the prime factors of 8007.
3, 17, 157
What are the prime factors of 587?
587
What are the prime factors of 2742?
2, 3, 457
What are the prime factors of 11893?
7, 1699
What are the prime factors of 3001?
3001
What are the prime factors of 1951?
1951
What are the prime factors of 18?
2, 3
List the prime factors of 27291.
3, 11, 827
What are the prime factors of 30049?
151, 199
What are the prime factors of 1587?
3, 23
What are the prime factors of 35335?
5, 37, 191
What are the prime factors of 23405?
5, 31, 151
List the prime factors of 7738.
2, 53, 73
List the prime factors of 132782.
2, 13, 5107
What are the prime factors of 363?
3, 11
What are the prime factors of 13673?
11, 113
List the prime factors of 2016.
2, 3, 7
What are the prime factors of 2056?
2, 257
List the prime factors of 16059.
3, 53, 101
List the prime factors of 1874.
2, 937
What are the prime factors of 1226?
2, 613
What are the prime factors of 22139?
13, 131
What are the prime factors of 508?
2, 127
List the prime factors of 138197.
138197
List the prime factors of 2682.
2, 3, 149
What are the prime factors of 9264?
2, 3, 193
What are the prime factors of 2096?
2, 131
What are the prime factors of 734?
2, 367
What are the prime factors of 6709?
6709
List the prime factors of 3404.
2, 23, 37
What are the prime factors of 21282?
2, 3, 3547
What are the prime factors of 864?
2, 3
What are the prime factors of 64393?
7, 9199
List the prime factors of 2030.
2, 5, 7, 29
List the prime factors of 585.
3, 5, 13
List the prime factors of 93251.
93251
What are the prime factors of 3077?
17, 181
List the prime factors of 4950.
2, 3, 5, 11
List the prime factors of 1777.
1777
What are the prime factors of 115569?
3, 12841
What are the prime factors of 5427?
3, 67
What are the prime factors of 18?
2, 3
What are the prime factors of 78341?
78341
What are the prime factors of 312?
2, 3, 13
What are the prime factors of 6665?
5, 31, 43
List the prime factors of 9251.
11, 29
What are the prime factors of 3038?
2, 7, 31
What are the prime factors of 805?
5, 7, 23
List the prime factors of 1208.
2, 151
What are the prime factors of 17854?
2, 79, 113
What are the prime factors of 2950?
2, 5, 59
What are the prime factors of 16041?
3, 5347
What are the prime factors of 2208?
2, 3, 23
List the prime factors of 44125.
5, 353
What are the prime factors of 64515?
3, 5, 11, 17, 23
List the prime factors of 2516.
2, 17, 37
What are the prime factors of 9284?
2, 11, 211
List the prime factors of 6300.
2, 3, 5, 7
What are the prime factors of 1310?
2, 5, 131
What are the prime factors of 9729?
3, 23, 47
What are the prime factors of 688?
2, 43
What are the prime factors of 959?
7, 137
What are the prime factors of 1390?
2, 5, 139
What are the prime factors of 88488?
2, 3, 1229
What are the prime factors of 1795?
5, 359
What are the prime factors of 44685?
3, 5, 331
What are the prime factors of 1030?
2, 5, 103
List the prime factors of 109.
109
List the prime factors of 101752.
2, 7, 23, 79
What are the prime factors of 29892?
2, 3, 47, 53
List the prime factors of 3398.
2, 1699
What are the prime factors of 443?
443
What are the prime factors of 22455?
3, 5, 499
List the prime factors of 1238.
2, 619
List the prime factors of 74045.
5, 59, 251
List the prime factors of 3798.
2, 3, 211
What are the prime factors of 6174?
2, 3, 7
What are the prime factors of 5101?
5101
What are the prime factors of 15916?
2, 23, 173
What are the prime factors of 1333?
31, 43
What are the prime factors of 23108?
2, 53, 109
List the prime factors of 3904.
2, 61
What are the prime factors of 47708?
2, 11927
What are the prime factors of 1943?
29, 67
List the prime factors of 53359.
53359
List the prime factors of 22507.
71, 317
What are the prime factors of 54635?
5, 7, 223
What are the prime factors of 266?
2, 7, 19
What are the prime factors of 3178?
2, 7, 227
What are the prime factors of 2688?
2, 3